{"version":"1.0","provider_name":"RQ 99.9","provider_url":"https:\/\/nahuelproducciones.com.ar\/radioquijano","author_name":"Ricardo Guzman","author_url":"https:\/\/nahuelproducciones.com.ar\/radioquijano\/author\/cady\/","title":"Campo Quijano: Capital provincial de la Tradici\u00f3n - RQ 99.9","type":"rich","width":600,"height":338,"html":"<blockquote class=\"wp-embedded-content\" data-secret=\"b6iWGskQIl\"><a href=\"https:\/\/nahuelproducciones.com.ar\/radioquijano\/campo-quijano-capital-provincial-de-la-tradicion\/\">Campo Quijano: Capital provincial de la Tradici\u00f3n<\/a><\/blockquote><iframe sandbox=\"allow-scripts\" security=\"restricted\" src=\"https:\/\/nahuelproducciones.com.ar\/radioquijano\/campo-quijano-capital-provincial-de-la-tradicion\/embed\/#?secret=b6iWGskQIl\" width=\"600\" height=\"338\" title=\"\u00abCampo Quijano: Capital provincial de la Tradici\u00f3n\u00bb \u2014 RQ 99.9\" data-secret=\"b6iWGskQIl\" frameborder=\"0\" marginwidth=\"0\" marginheight=\"0\" scrolling=\"no\" class=\"wp-embedded-content\"><\/iframe><script type=\"text\/javascript\">\n\/* <![CDATA[ *\/\n\/*! This file is auto-generated *\/\n!function(d,l){\"use strict\";l.querySelector&&d.addEventListener&&\"undefined\"!=typeof URL&&(d.wp=d.wp||{},d.wp.receiveEmbedMessage||(d.wp.receiveEmbedMessage=function(e){var t=e.data;if((t||t.secret||t.message||t.value)&&!\/[^a-zA-Z0-9]\/.test(t.secret)){for(var s,r,n,a=l.querySelectorAll('iframe[data-secret=\"'+t.secret+'\"]'),o=l.querySelectorAll('blockquote[data-secret=\"'+t.secret+'\"]'),c=new RegExp(\"^https?:$\",\"i\"),i=0;i<o.length;i++)o[i].style.display=\"none\";for(i=0;i<a.length;i++)s=a[i],e.source===s.contentWindow&&(s.removeAttribute(\"style\"),\"height\"===t.message?(1e3<(r=parseInt(t.value,10))?r=1e3:~~r<200&&(r=200),s.height=r):\"link\"===t.message&&(r=new URL(s.getAttribute(\"src\")),n=new URL(t.value),c.test(n.protocol))&&n.host===r.host&&l.activeElement===s&&(d.top.location.href=t.value))}},d.addEventListener(\"message\",d.wp.receiveEmbedMessage,!1),l.addEventListener(\"DOMContentLoaded\",function(){for(var e,t,s=l.querySelectorAll(\"iframe.wp-embedded-content\"),r=0;r<s.length;r++)(t=(e=s[r]).getAttribute(\"data-secret\"))||(t=Math.random().toString(36).substring(2,12),e.src+=\"#?secret=\"+t,e.setAttribute(\"data-secret\",t)),e.contentWindow.postMessage({message:\"ready\",secret:t},\"*\")},!1)))}(window,document);\n\/* ]]> *\/\n<\/script>\n","thumbnail_url":"https:\/\/nahuelproducciones.com.ar\/radioquijano\/wp-content\/uploads\/2024\/09\/pedro-bautista-presenttacion-del-proyecto.jpg","thumbnail_width":800,"thumbnail_height":500,"description":"\u00bfDe qui\u00e9n es el proyecto? En la sesi\u00f3n ordinaria del d\u00eda martes 3 de septiembre, de la c\u00e1mara de diputados de la provincia se present\u00f3 el proyecto de ley para que el muniipio de Campo Quijano sea Capital Provincial de la tradici\u00f3n, de hecho el proyecto fue aprobado. Al respecto el diputado Nicol\u00e1s Taibo, quien [&hellip;]"}

Campo Quijano: Capital provincial de la Tradición - RQ 99.9

<blockquote class="wp-embedded-content" data-secret="b6iWGskQIl"><a href="https://nahuelproducciones.com.ar/radioquijano/campo-quijano-capital-provincial-de-la-tradicion/">Campo Quijano: Capital provincial de la Tradición</a></blockquote><iframe sandbox="allow-scripts" security="restricted" src="https://nahuelproducciones.com.ar/radioquijano/campo-quijano-capital-provincial-de-la-tradicion/embed/#?secret=b6iWGskQIl" width="600" height="338" title="«Campo Quijano: Capital provincial de la Tradición» — RQ 99.9" data-secret="b6iWGskQIl" frameborder="0" marginwidth="0" marginheight="0" scrolling="no" class="wp-embedded-content"></iframe><script type="text/javascript">
/* <![CDATA[ */
/*! This file is auto-generated */
!function(d,l){"use strict";l.querySelector&&d.addEventListener&&"undefined"!=typeof URL&&(d.wp=d.wp||{},d.wp.receiveEmbedMessage||(d.wp.receiveEmbedMessage=function(e){var t=e.data;if((t||t.secret||t.message||t.value)&&!/[^a-zA-Z0-9]/.test(t.secret)){for(var s,r,n,a=l.querySelectorAll('iframe[data-secret="'+t.secret+'"]'),o=l.querySelectorAll('blockquote[data-secret="'+t.secret+'"]'),c=new RegExp("^https?:$","i"),i=0;i<o.length;i++)o[i].style.display="none";for(i=0;i<a.length;i++)s=a[i],e.source===s.contentWindow&&(s.removeAttribute("style"),"height"===t.message?(1e3<(r=parseInt(t.value,10))?r=1e3:~~r<200&&(r=200),s.height=r):"link"===t.message&&(r=new URL(s.getAttribute("src")),n=new URL(t.value),c.test(n.protocol))&&n.host===r.host&&l.activeElement===s&&(d.top.location.href=t.value))}},d.addEventListener("message",d.wp.receiveEmbedMessage,!1),l.addEventListener("DOMContentLoaded",function(){for(var e,t,s=l.querySelectorAll("iframe.wp-embedded-content"),r=0;r<s.length;r++)(t=(e=s[r]).getAttribute("data-secret"))||(t=Math.random().toString(36).substring(2,12),e.src+="#?secret="+t,e.setAttribute("data-secret",t)),e.contentWindow.postMessage({message:"ready",secret:t},"*")},!1)))}(window,document);
/* ]]> */
</script>

¿De quién es el proyecto? En la sesión ordinaria del día martes 3 de septiembre, de la cámara de diputados de la provincia se presentó el proyecto de ley para que el muniipio de Campo Quijano sea Capital Provincial de la tradición, de hecho el proyecto fue aprobado. Al respecto el diputado Nicolás Taibo, quien [&hellip;]
