{"version":"1.0","provider_name":"RQ 99.9","provider_url":"https:\/\/nahuelproducciones.com.ar\/radioquijano","author_name":"Ricardo Guzman","author_url":"https:\/\/nahuelproducciones.com.ar\/radioquijano\/author\/cady\/","title":"EDITORIAL \u2013 AIRE DE LIBERTAD \u2013 RADIO QUIJANO 99.9 \"Resoluci\u00f3n que encubre\" - RQ 99.9","type":"rich","width":600,"height":338,"html":"<blockquote class=\"wp-embedded-content\" data-secret=\"3MALwkWRo3\"><a href=\"https:\/\/nahuelproducciones.com.ar\/radioquijano\/editorial-aire-de-libertad-radio-quijano-99-9\/\">EDITORIAL \u2013 AIRE DE LIBERTAD \u2013 RADIO QUIJANO 99.9 \u00abResoluci\u00f3n que encubre\u00bb<\/a><\/blockquote><iframe sandbox=\"allow-scripts\" security=\"restricted\" src=\"https:\/\/nahuelproducciones.com.ar\/radioquijano\/editorial-aire-de-libertad-radio-quijano-99-9\/embed\/#?secret=3MALwkWRo3\" width=\"600\" height=\"338\" title=\"\u00abEDITORIAL \u2013 AIRE DE LIBERTAD \u2013 RADIO QUIJANO 99.9 \u00abResoluci\u00f3n que encubre\u00bb\u00bb \u2014 RQ 99.9\" data-secret=\"3MALwkWRo3\" frameborder=\"0\" marginwidth=\"0\" marginheight=\"0\" scrolling=\"no\" class=\"wp-embedded-content\"><\/iframe><script type=\"text\/javascript\">\n\/* <![CDATA[ *\/\n\/*! This file is auto-generated *\/\n!function(d,l){\"use strict\";l.querySelector&&d.addEventListener&&\"undefined\"!=typeof URL&&(d.wp=d.wp||{},d.wp.receiveEmbedMessage||(d.wp.receiveEmbedMessage=function(e){var t=e.data;if((t||t.secret||t.message||t.value)&&!\/[^a-zA-Z0-9]\/.test(t.secret)){for(var s,r,n,a=l.querySelectorAll('iframe[data-secret=\"'+t.secret+'\"]'),o=l.querySelectorAll('blockquote[data-secret=\"'+t.secret+'\"]'),c=new RegExp(\"^https?:$\",\"i\"),i=0;i<o.length;i++)o[i].style.display=\"none\";for(i=0;i<a.length;i++)s=a[i],e.source===s.contentWindow&&(s.removeAttribute(\"style\"),\"height\"===t.message?(1e3<(r=parseInt(t.value,10))?r=1e3:~~r<200&&(r=200),s.height=r):\"link\"===t.message&&(r=new URL(s.getAttribute(\"src\")),n=new URL(t.value),c.test(n.protocol))&&n.host===r.host&&l.activeElement===s&&(d.top.location.href=t.value))}},d.addEventListener(\"message\",d.wp.receiveEmbedMessage,!1),l.addEventListener(\"DOMContentLoaded\",function(){for(var e,t,s=l.querySelectorAll(\"iframe.wp-embedded-content\"),r=0;r<s.length;r++)(t=(e=s[r]).getAttribute(\"data-secret\"))||(t=Math.random().toString(36).substring(2,12),e.src+=\"#?secret=\"+t,e.setAttribute(\"data-secret\",t)),e.contentWindow.postMessage({message:\"ready\",secret:t},\"*\")},!1)))}(window,document);\n\/* ]]> *\/\n<\/script>\n","thumbnail_url":"https:\/\/nahuelproducciones.com.ar\/radioquijano\/wp-content\/uploads\/2025\/08\/WhatsApp-Image-2025-08-07-at-7.29.45-AM-1-e1754563304234.jpeg","thumbnail_width":700,"thumbnail_height":360,"description":"\u201cLa Resoluci\u00f3n que naci\u00f3 para controlar, pero termin\u00f3 encubriendo\u201d En la \u00faltima sesi\u00f3n del Concejo Deliberante de Campo Quijano, el oficialismo aprob\u00f3 una Resoluci\u00f3n que, en teor\u00eda, deb\u00eda ejercer el control institucional sobre la gesti\u00f3n municipal.En teor\u00eda\u2026 porque, en la pr\u00e1ctica, esta medida es otro ejemplo de c\u00f3mo se puede usar la ley para cumplir [&hellip;]"}

EDITORIAL – AIRE DE LIBERTAD – RADIO QUIJANO 99.9 "Resolución que encubre" - RQ 99.9

<blockquote class="wp-embedded-content" data-secret="3MALwkWRo3"><a href="https://nahuelproducciones.com.ar/radioquijano/editorial-aire-de-libertad-radio-quijano-99-9/">EDITORIAL – AIRE DE LIBERTAD – RADIO QUIJANO 99.9 «Resolución que encubre»</a></blockquote><iframe sandbox="allow-scripts" security="restricted" src="https://nahuelproducciones.com.ar/radioquijano/editorial-aire-de-libertad-radio-quijano-99-9/embed/#?secret=3MALwkWRo3" width="600" height="338" title="«EDITORIAL – AIRE DE LIBERTAD – RADIO QUIJANO 99.9 «Resolución que encubre»» — RQ 99.9" data-secret="3MALwkWRo3" frameborder="0" marginwidth="0" marginheight="0" scrolling="no" class="wp-embedded-content"></iframe><script type="text/javascript">
/* <![CDATA[ */
/*! This file is auto-generated */
!function(d,l){"use strict";l.querySelector&&d.addEventListener&&"undefined"!=typeof URL&&(d.wp=d.wp||{},d.wp.receiveEmbedMessage||(d.wp.receiveEmbedMessage=function(e){var t=e.data;if((t||t.secret||t.message||t.value)&&!/[^a-zA-Z0-9]/.test(t.secret)){for(var s,r,n,a=l.querySelectorAll('iframe[data-secret="'+t.secret+'"]'),o=l.querySelectorAll('blockquote[data-secret="'+t.secret+'"]'),c=new RegExp("^https?:$","i"),i=0;i<o.length;i++)o[i].style.display="none";for(i=0;i<a.length;i++)s=a[i],e.source===s.contentWindow&&(s.removeAttribute("style"),"height"===t.message?(1e3<(r=parseInt(t.value,10))?r=1e3:~~r<200&&(r=200),s.height=r):"link"===t.message&&(r=new URL(s.getAttribute("src")),n=new URL(t.value),c.test(n.protocol))&&n.host===r.host&&l.activeElement===s&&(d.top.location.href=t.value))}},d.addEventListener("message",d.wp.receiveEmbedMessage,!1),l.addEventListener("DOMContentLoaded",function(){for(var e,t,s=l.querySelectorAll("iframe.wp-embedded-content"),r=0;r<s.length;r++)(t=(e=s[r]).getAttribute("data-secret"))||(t=Math.random().toString(36).substring(2,12),e.src+="#?secret="+t,e.setAttribute("data-secret",t)),e.contentWindow.postMessage({message:"ready",secret:t},"*")},!1)))}(window,document);
/* ]]> */
</script>

“La Resolución que nació para controlar, pero terminó encubriendo” En la última sesión del Concejo Deliberante de Campo Quijano, el oficialismo aprobó una Resolución que, en teoría, debía ejercer el control institucional sobre la gestión municipal.En teoría… porque, en la práctica, esta medida es otro ejemplo de cómo se puede usar la ley para cumplir [&hellip;]
