{"version":"1.0","provider_name":"RQ 99.9","provider_url":"https:\/\/nahuelproducciones.com.ar\/radioquijano","author_name":"Cecilia Pastrana","author_url":"https:\/\/nahuelproducciones.com.ar\/radioquijano\/author\/cecy\/","title":"Grupos habilitados para usar transporte p\u00fablico - RQ 99.9","type":"rich","width":600,"height":338,"html":"<blockquote class=\"wp-embedded-content\" data-secret=\"LlFBZpIrci\"><a href=\"https:\/\/nahuelproducciones.com.ar\/radioquijano\/grupos-habilitados-para-usar-transporte-publico\/\">Grupos habilitados para usar transporte p\u00fablico<\/a><\/blockquote><iframe sandbox=\"allow-scripts\" security=\"restricted\" src=\"https:\/\/nahuelproducciones.com.ar\/radioquijano\/grupos-habilitados-para-usar-transporte-publico\/embed\/#?secret=LlFBZpIrci\" width=\"600\" height=\"338\" title=\"\u00abGrupos habilitados para usar transporte p\u00fablico\u00bb \u2014 RQ 99.9\" data-secret=\"LlFBZpIrci\" frameborder=\"0\" marginwidth=\"0\" marginheight=\"0\" scrolling=\"no\" class=\"wp-embedded-content\"><\/iframe><script type=\"text\/javascript\">\n\/* <![CDATA[ *\/\n\/*! This file is auto-generated *\/\n!function(d,l){\"use strict\";l.querySelector&&d.addEventListener&&\"undefined\"!=typeof URL&&(d.wp=d.wp||{},d.wp.receiveEmbedMessage||(d.wp.receiveEmbedMessage=function(e){var t=e.data;if((t||t.secret||t.message||t.value)&&!\/[^a-zA-Z0-9]\/.test(t.secret)){for(var s,r,n,a=l.querySelectorAll('iframe[data-secret=\"'+t.secret+'\"]'),o=l.querySelectorAll('blockquote[data-secret=\"'+t.secret+'\"]'),c=new RegExp(\"^https?:$\",\"i\"),i=0;i<o.length;i++)o[i].style.display=\"none\";for(i=0;i<a.length;i++)s=a[i],e.source===s.contentWindow&&(s.removeAttribute(\"style\"),\"height\"===t.message?(1e3<(r=parseInt(t.value,10))?r=1e3:~~r<200&&(r=200),s.height=r):\"link\"===t.message&&(r=new URL(s.getAttribute(\"src\")),n=new URL(t.value),c.test(n.protocol))&&n.host===r.host&&l.activeElement===s&&(d.top.location.href=t.value))}},d.addEventListener(\"message\",d.wp.receiveEmbedMessage,!1),l.addEventListener(\"DOMContentLoaded\",function(){for(var e,t,s=l.querySelectorAll(\"iframe.wp-embedded-content\"),r=0;r<s.length;r++)(t=(e=s[r]).getAttribute(\"data-secret\"))||(t=Math.random().toString(36).substring(2,12),e.src+=\"#?secret=\"+t,e.setAttribute(\"data-secret\",t)),e.contentWindow.postMessage({message:\"ready\",secret:t},\"*\")},!1)))}(window,document);\n\/* ]]> *\/\n<\/script>\n","thumbnail_url":"https:\/\/nahuelproducciones.com.ar\/radioquijano\/wp-content\/uploads\/2021\/05\/DECLARACION-JURADA-PARA-SACAR-PERMISO-PARA-SAETA.jpg","thumbnail_width":700,"thumbnail_height":350,"description":"Los permisos (Declaraciones Juradas de Circulaci\u00f3n):Emitidos con anterioridad al 22 de mayo de 2021, tendr\u00e1n validez hasta el d\u00eda 23 de mayo de 2021 inclusive.Emitidos desde el 22 de mayo de 2021, tendr\u00e1n validez hasta el d\u00eda 11 de junio de 2021 inclusive.No requieren renovar dichos permisos: el personal de salud y Fuerzas de Seguridad."}

Grupos habilitados para usar transporte público - RQ 99.9

<blockquote class="wp-embedded-content" data-secret="LlFBZpIrci"><a href="https://nahuelproducciones.com.ar/radioquijano/grupos-habilitados-para-usar-transporte-publico/">Grupos habilitados para usar transporte público</a></blockquote><iframe sandbox="allow-scripts" security="restricted" src="https://nahuelproducciones.com.ar/radioquijano/grupos-habilitados-para-usar-transporte-publico/embed/#?secret=LlFBZpIrci" width="600" height="338" title="«Grupos habilitados para usar transporte público» — RQ 99.9" data-secret="LlFBZpIrci" frameborder="0" marginwidth="0" marginheight="0" scrolling="no" class="wp-embedded-content"></iframe><script type="text/javascript">
/* <![CDATA[ */
/*! This file is auto-generated */
!function(d,l){"use strict";l.querySelector&&d.addEventListener&&"undefined"!=typeof URL&&(d.wp=d.wp||{},d.wp.receiveEmbedMessage||(d.wp.receiveEmbedMessage=function(e){var t=e.data;if((t||t.secret||t.message||t.value)&&!/[^a-zA-Z0-9]/.test(t.secret)){for(var s,r,n,a=l.querySelectorAll('iframe[data-secret="'+t.secret+'"]'),o=l.querySelectorAll('blockquote[data-secret="'+t.secret+'"]'),c=new RegExp("^https?:$","i"),i=0;i<o.length;i++)o[i].style.display="none";for(i=0;i<a.length;i++)s=a[i],e.source===s.contentWindow&&(s.removeAttribute("style"),"height"===t.message?(1e3<(r=parseInt(t.value,10))?r=1e3:~~r<200&&(r=200),s.height=r):"link"===t.message&&(r=new URL(s.getAttribute("src")),n=new URL(t.value),c.test(n.protocol))&&n.host===r.host&&l.activeElement===s&&(d.top.location.href=t.value))}},d.addEventListener("message",d.wp.receiveEmbedMessage,!1),l.addEventListener("DOMContentLoaded",function(){for(var e,t,s=l.querySelectorAll("iframe.wp-embedded-content"),r=0;r<s.length;r++)(t=(e=s[r]).getAttribute("data-secret"))||(t=Math.random().toString(36).substring(2,12),e.src+="#?secret="+t,e.setAttribute("data-secret",t)),e.contentWindow.postMessage({message:"ready",secret:t},"*")},!1)))}(window,document);
/* ]]> */
</script>

Los permisos (Declaraciones Juradas de Circulación):Emitidos con anterioridad al 22 de mayo de 2021, tendrán validez hasta el día 23 de mayo de 2021 inclusive.Emitidos desde el 22 de mayo de 2021, tendrán validez hasta el día 11 de junio de 2021 inclusive.No requieren renovar dichos permisos: el personal de salud y Fuerzas de Seguridad.
