{"version":"1.0","provider_name":"RQ 99.9","provider_url":"https:\/\/nahuelproducciones.com.ar\/radioquijano","author_name":"Ricardo Guzman","author_url":"https:\/\/nahuelproducciones.com.ar\/radioquijano\/author\/cady\/","title":"Inicio de la Semana Santa en Campo Quijano - RQ 99.9","type":"rich","width":600,"height":338,"html":"<blockquote class=\"wp-embedded-content\" data-secret=\"hnNlARDWGS\"><a href=\"https:\/\/nahuelproducciones.com.ar\/radioquijano\/inicio-de-la-semana-santa-en-campo-quijano\/\">Inicio de la Semana Santa en Campo Quijano<\/a><\/blockquote><iframe sandbox=\"allow-scripts\" security=\"restricted\" src=\"https:\/\/nahuelproducciones.com.ar\/radioquijano\/inicio-de-la-semana-santa-en-campo-quijano\/embed\/#?secret=hnNlARDWGS\" width=\"600\" height=\"338\" title=\"\u00abInicio de la Semana Santa en Campo Quijano\u00bb \u2014 RQ 99.9\" data-secret=\"hnNlARDWGS\" frameborder=\"0\" marginwidth=\"0\" marginheight=\"0\" scrolling=\"no\" class=\"wp-embedded-content\"><\/iframe><script type=\"text\/javascript\">\n\/* <![CDATA[ *\/\n\/*! This file is auto-generated *\/\n!function(d,l){\"use strict\";l.querySelector&&d.addEventListener&&\"undefined\"!=typeof URL&&(d.wp=d.wp||{},d.wp.receiveEmbedMessage||(d.wp.receiveEmbedMessage=function(e){var t=e.data;if((t||t.secret||t.message||t.value)&&!\/[^a-zA-Z0-9]\/.test(t.secret)){for(var s,r,n,a=l.querySelectorAll('iframe[data-secret=\"'+t.secret+'\"]'),o=l.querySelectorAll('blockquote[data-secret=\"'+t.secret+'\"]'),c=new RegExp(\"^https?:$\",\"i\"),i=0;i<o.length;i++)o[i].style.display=\"none\";for(i=0;i<a.length;i++)s=a[i],e.source===s.contentWindow&&(s.removeAttribute(\"style\"),\"height\"===t.message?(1e3<(r=parseInt(t.value,10))?r=1e3:~~r<200&&(r=200),s.height=r):\"link\"===t.message&&(r=new URL(s.getAttribute(\"src\")),n=new URL(t.value),c.test(n.protocol))&&n.host===r.host&&l.activeElement===s&&(d.top.location.href=t.value))}},d.addEventListener(\"message\",d.wp.receiveEmbedMessage,!1),l.addEventListener(\"DOMContentLoaded\",function(){for(var e,t,s=l.querySelectorAll(\"iframe.wp-embedded-content\"),r=0;r<s.length;r++)(t=(e=s[r]).getAttribute(\"data-secret\"))||(t=Math.random().toString(36).substring(2,12),e.src+=\"#?secret=\"+t,e.setAttribute(\"data-secret\",t)),e.contentWindow.postMessage({message:\"ready\",secret:t},\"*\")},!1)))}(window,document);\n\/* ]]> *\/\n<\/script>\n","thumbnail_url":"https:\/\/nahuelproducciones.com.ar\/radioquijano\/wp-content\/uploads\/2022\/04\/Semana-Santa-en-Campo-Quijano.jpg","thumbnail_width":700,"thumbnail_height":350,"description":"Las celebraciones ya iniciaron en el municipio. Tanto la Parroquia Santiago Ap\u00f3stol de Campo Quijano como la Inmaculada Concepci\u00f3n de La Silleta ya tienen sus programas de actividades para \u00e9sta Semana Santa con los horarios de misas en la Cuaresma camino a las Pascuas."}

Las celebraciones ya iniciaron en el municipio. Tanto la Parroquia Santiago Apóstol de Campo Quijano como la Inmaculada Concepción de La Silleta ya tienen sus programas de actividades para ésta Semana Santa con los horarios de misas en la Cuaresma camino a las Pascuas.
