{"version":"1.0","provider_name":"RQ 99.9","provider_url":"https:\/\/nahuelproducciones.com.ar\/radioquijano","author_name":"Cecilia Pastrana","author_url":"https:\/\/nahuelproducciones.com.ar\/radioquijano\/author\/cecy\/","title":"Secuestro preventivo de mercader\u00eda no perecedera. - RQ 99.9","type":"rich","width":600,"height":338,"html":"<blockquote class=\"wp-embedded-content\" data-secret=\"opDeMsdtYA\"><a href=\"https:\/\/nahuelproducciones.com.ar\/radioquijano\/secuestro-preventivo-de-mercaderia-no-perecedera\/\">Secuestro preventivo de mercader\u00eda no perecedera.<\/a><\/blockquote><iframe sandbox=\"allow-scripts\" security=\"restricted\" src=\"https:\/\/nahuelproducciones.com.ar\/radioquijano\/secuestro-preventivo-de-mercaderia-no-perecedera\/embed\/#?secret=opDeMsdtYA\" width=\"600\" height=\"338\" title=\"\u00abSecuestro preventivo de mercader\u00eda no perecedera.\u00bb \u2014 RQ 99.9\" data-secret=\"opDeMsdtYA\" frameborder=\"0\" marginwidth=\"0\" marginheight=\"0\" scrolling=\"no\" class=\"wp-embedded-content\"><\/iframe><script type=\"text\/javascript\">\n\/* <![CDATA[ *\/\n\/*! This file is auto-generated *\/\n!function(d,l){\"use strict\";l.querySelector&&d.addEventListener&&\"undefined\"!=typeof URL&&(d.wp=d.wp||{},d.wp.receiveEmbedMessage||(d.wp.receiveEmbedMessage=function(e){var t=e.data;if((t||t.secret||t.message||t.value)&&!\/[^a-zA-Z0-9]\/.test(t.secret)){for(var s,r,n,a=l.querySelectorAll('iframe[data-secret=\"'+t.secret+'\"]'),o=l.querySelectorAll('blockquote[data-secret=\"'+t.secret+'\"]'),c=new RegExp(\"^https?:$\",\"i\"),i=0;i<o.length;i++)o[i].style.display=\"none\";for(i=0;i<a.length;i++)s=a[i],e.source===s.contentWindow&&(s.removeAttribute(\"style\"),\"height\"===t.message?(1e3<(r=parseInt(t.value,10))?r=1e3:~~r<200&&(r=200),s.height=r):\"link\"===t.message&&(r=new URL(s.getAttribute(\"src\")),n=new URL(t.value),c.test(n.protocol))&&n.host===r.host&&l.activeElement===s&&(d.top.location.href=t.value))}},d.addEventListener(\"message\",d.wp.receiveEmbedMessage,!1),l.addEventListener(\"DOMContentLoaded\",function(){for(var e,t,s=l.querySelectorAll(\"iframe.wp-embedded-content\"),r=0;r<s.length;r++)(t=(e=s[r]).getAttribute(\"data-secret\"))||(t=Math.random().toString(36).substring(2,12),e.src+=\"#?secret=\"+t,e.setAttribute(\"data-secret\",t)),e.contentWindow.postMessage({message:\"ready\",secret:t},\"*\")},!1)))}(window,document);\n\/* ]]> *\/\n<\/script>\n","thumbnail_url":"https:\/\/nahuelproducciones.com.ar\/radioquijano\/wp-content\/uploads\/2025\/05\/Secuestro.mercaderia.udec02-1536x691-1-e1746755244325.jpeg","thumbnail_width":700,"thumbnail_height":315,"description":"La mercader\u00eda estar\u00eda destinada presuntamente a la conformaci\u00f3n de 20.000 bolsones que ser\u00edan repartidos a cambio de votos a favor de un partido pol\u00edtico."}

Secuestro preventivo de mercadería no perecedera. - RQ 99.9

<blockquote class="wp-embedded-content" data-secret="opDeMsdtYA"><a href="https://nahuelproducciones.com.ar/radioquijano/secuestro-preventivo-de-mercaderia-no-perecedera/">Secuestro preventivo de mercadería no perecedera.</a></blockquote><iframe sandbox="allow-scripts" security="restricted" src="https://nahuelproducciones.com.ar/radioquijano/secuestro-preventivo-de-mercaderia-no-perecedera/embed/#?secret=opDeMsdtYA" width="600" height="338" title="«Secuestro preventivo de mercadería no perecedera.» — RQ 99.9" data-secret="opDeMsdtYA" frameborder="0" marginwidth="0" marginheight="0" scrolling="no" class="wp-embedded-content"></iframe><script type="text/javascript">
/* <![CDATA[ */
/*! This file is auto-generated */
!function(d,l){"use strict";l.querySelector&&d.addEventListener&&"undefined"!=typeof URL&&(d.wp=d.wp||{},d.wp.receiveEmbedMessage||(d.wp.receiveEmbedMessage=function(e){var t=e.data;if((t||t.secret||t.message||t.value)&&!/[^a-zA-Z0-9]/.test(t.secret)){for(var s,r,n,a=l.querySelectorAll('iframe[data-secret="'+t.secret+'"]'),o=l.querySelectorAll('blockquote[data-secret="'+t.secret+'"]'),c=new RegExp("^https?:$","i"),i=0;i<o.length;i++)o[i].style.display="none";for(i=0;i<a.length;i++)s=a[i],e.source===s.contentWindow&&(s.removeAttribute("style"),"height"===t.message?(1e3<(r=parseInt(t.value,10))?r=1e3:~~r<200&&(r=200),s.height=r):"link"===t.message&&(r=new URL(s.getAttribute("src")),n=new URL(t.value),c.test(n.protocol))&&n.host===r.host&&l.activeElement===s&&(d.top.location.href=t.value))}},d.addEventListener("message",d.wp.receiveEmbedMessage,!1),l.addEventListener("DOMContentLoaded",function(){for(var e,t,s=l.querySelectorAll("iframe.wp-embedded-content"),r=0;r<s.length;r++)(t=(e=s[r]).getAttribute("data-secret"))||(t=Math.random().toString(36).substring(2,12),e.src+="#?secret="+t,e.setAttribute("data-secret",t)),e.contentWindow.postMessage({message:"ready",secret:t},"*")},!1)))}(window,document);
/* ]]> */
</script>

La mercadería estaría destinada presuntamente a la conformación de 20.000 bolsones que serían repartidos a cambio de votos a favor de un partido político.
